*w**2/2 - w - 11. Calculate the remainder when v(-18) is divided by 4.
1
Let z = -74 + 665. Calculate the remainder when z is divided by 35.
31
Suppose 7*a = -0*a + 119. Suppose -a*n + 60 = -93. Suppose 0 = -n*u + 6*u + 219. What is the remainder when u is divided by 15?
13
Suppose 27 = 2*b - 3*t, 5*t - 5 = 3*b - 43. Suppose 3*i - 174 = b. What is the remainder when 942/39 - 10/i is divided by 13?
11
Let q be 1*-5*6/(-15). Suppose 2*u - 50 = -2*w, -58 = -q*w - 3*u - u. Suppose -3*v + w*v - 162 = 0. Calculate the remainder when 161 is divided by v.
8
Let d(m) = -m**3 + 15*m**2 - 11*m. Let f be d(14). Calculate the remainder when 85 is divided by (-42)/(-14)*(-32)/f*-7.
5
Let d(q) be the second derivative of 3*q**5/5 + q**4/12 + q**3/3 + q**2 - 9*q. Suppose 5*g = 9 + 1. What is the remainder when d(g) is divided by 27?
25
Suppose -12 = -38*k + 748. Let t(s) = -26*s + 26. What is the remainder when t(-4) is divided by k?
10
Suppose -h = -5*h + 18*h - 41118. Calculate the remainder when h is divided by 35.
32
Let d(c) = -145*c - 4. Let a = 1081 + -1069. What is the remainder when d(-1) is divided by a?
9
Suppose 2*a - 150 = 3*v, -8*a + 5*v + 770 = 4*a. Let l = -9 + 4. What is the remainder when a is divided by (-112)/l + (-2)/5?
16
Let m = 8156 + -8150. Let b = -9 - -15. What is the remainder when m is divided by b?
0
Suppose -a = 3*w - 59, -4*w + 2179 - 2119 = a. Calculate the remainder when 83 is divided by a.
27
Let t(j) = 21*j**3 + j**2 - j - 1. Let d be (20/(-70))/(4/(-14)). Calculate the remainder when t(d) is divided by 46/4 - (-1)/(-2).
9
Suppose 147*r - 14*r - 53998 = 0. Calculate the remainder when 1247 is divided by r.
29
Let j(c) = -c**3 - 23*c**2 - 121*c + 3. Calculate the remainder when 179 is divided by j(-15).
17
Let m = -8793 - -11085. What is the remainder when m is divided by 14?
10
Calculate the remainder when (-9)/(1125/(-10)) + (133384/100)/2 is divided by 31.
16
Let z(r) = 19*r**2 + 197*r + 597. What is the remainder when 2321 is divided by z(-3)?
20
Let d(n) = -14*n + 1. Suppose -8*w - 18 + 10 = 0. Let i(p) = -70*p - 15. What is the remainder when i(w) is divided by d(-2)?
26
Suppose 4*u + 8 = 0, 3*u - 276 = -5*w + 18. Let s(n) = -2*n**3 - 96*n**2 + 42*n - 2713. Calculate the remainder when w is divided by s(-49).
29
What is the remainder when 905 is divided by 192 - (-8 + 9) - 2/1 - -2?
141
Calculate the remainder when 1 - (5 - (5 + 3703)/6) is divided by 78.
68
Suppose -2*g + 2*l - 2 = -0, g + 16 = 4*l. Let w be (9/g)/((-7)/(-28)). Suppose -w*q + 126 = -36. What is the remainder when 33 is divided by q?
15
Suppose -5*f = -2*k + 33, -4*f - 5*k = -3*f - 15. Let o = 15 - f. Let x = 49 + -10. Calculate the remainder when x is divided by o.
19
Let n be (12/(-4))/9 - 4/(-12). Suppose -5*k + 15 = -2*h, 5*k + 2*h - 2 - 13 = n. Suppose k*p + 4 = 22. What is the remainder when 17 is divided by p?
5
Let i(s) = s**2 + 17*s - 578. Let o(w) = -2*w**2 + 18*w + 3. What is the remainder when i(18) is divided by o(8)?
14
Let f = -74588 + 74618. Let u = -77 - -223. Calculate the remainder when u is divided by f.
26
Let w(h) = -35*h. Suppose 7*c = 3*c + f + 162, -4*c - 3*f + 170 = 0. What is the remainder when w(-7) is divided by c?
40
Let k = 32 + -6. Suppose 1278 + 4026 = 136*p. Calculate the remainder when p is divided by k.
13
Let w = -340 + 1204. Suppose k + 3*r = 252, -4*k = 5*r - w - 137. Calculate the remainder when k is divided by 17.
11
Suppose 5*p = -4*l + 184, p - 13*l - 38 = -15*l. Let f be (4 - 0 - -2) + -4. Suppose -4*i + 1074 = f*i. Calculate the remainder when i is divided by p.
35
What is the remainder when (-705 + -25)/(5*(-10)/25) is divided by 128?
109
Let s(y) = 81*y**2 - 13*y + 26. What is the remainder when s(6) is divided by 408?
8
Let l = 3275 - 3193. Calculate the remainder when 1051 is divided by l.
67
Let g = 18814 - 18584. What is the remainder when 428 is divided by g?
198
Suppose -17*o - 25*o + 25*o = -1258. Calculate the remainder when 243 is divided by o.
21
Suppose -2*m - 304*w = -305*w - 902, -2*w + 451 = m. What is the remainder when m is divided by 83?
36
Let y(g) = 8*g**2 + 60*g + 232. Let t = 65 + -38. What is the remainder when y(-4) is divided by t?
12
Let g = 439 + -381. Calculate the remainder when 65 is divided by 30 - (-29)/g*(-12)/2.
11
Let z(x) be the second derivative of -x**4/12 + 4*x**3/3 + x**2 - 18*x. Suppose -3*y + 19 = -14. What is the remainder when z(4) is divided by y?
7
Suppose 3*j = 6*j + w - 220, w = 4*j - 298. Suppose -4*l = -3*l + 31. Let t = j + l. Calculate the remainder when t is divided by 9.
7
Suppose 11376 + 17072 = 7*u + 8001. What is the remainder when u is divided by 75?
71
Let d = -67 + 94. Suppose 152 = 4*h - 4*g, -h = -2*g + 7 - 49. Suppose -5*s - 2*a = -72, -2*a + 10 = 3*s - h. What is the remainder when d is divided by s?
13
Let m(s) be the second derivative of 11*s**3/6 - 113*s**2/2 + 51*s. What is the remainder when 1 + 29 + (-3)/3 is divided by m(11)?
5
Let f = 683 + -673. Let n(b) = -b**3 + 13*b**2 - 30*b + 22. Calculate the remainder when 63 is divided by n(f).
19
What is the remainder when -1*((-2926)/10 + (1 - 119/85)) is divided by 44?
29
Suppose 78 = 2*j + 2*j + b, -3*j + 2*b = -64. Let y(m) = -m**3 - 7*m**2 + m + 4. Let x be y(-7). Calculate the remainder when -4 + x/(-3) + 61 is divided by j.
18
Suppose -16*q - 1558 = 954. Let d = q - -171. What is the remainder when 26 is divided by d?
12
Let i = -30908 + 31008. What is the remainder when 10098 is divided by i?
98
Suppose -79 = -k - 20. Suppose 5*r - r - 1129 = -3*z, -3*r = 4*z - 824. Calculate the remainder when r is divided by k.
56
Let h be -110 + 13 + 0 + 5. Let z = h - -574. Calculate the remainder when z is divided by 44.
42
Let g(v) = -22*v**3 + 3*v**2 - 39*v - 40. Suppose 5*z = 2*z + 5*b + 1082, -5*z + 1796 = -b. Calculate the remainder when z is divided by g(-1).
23
Suppose 13*f + 374 - 101 = 0. Suppose 3*d = 4*l + 32 + 16, 0 = -5*d - l + 103. What is the remainder when (36 - f) + 0/(-1*3) is divided by d?
17
Let p be 16/(-24) - 1/(6/(-142)). Let a(f) = -f**3 + 22*f**2 + 23*f + 2. Let i be a(p). Calculate the remainder when 5 is divided by ((-2)/i)/((-22)/(-55))*-2.
0
Let l(z) = -12*z - 3*z + 103 + 3*z - 60 + 114. What is the remainder when 126 is divided by l(9)?
28
Let k(g) = 39*g**2 - 114*g - 656. Let b = -32 + 106. Calculate the remainder when b is divided by k(6).
10
Let u(x) = -x**3 - 2*x**2 + 4*x + 72. Let h be u(0). Suppose -63*w - 333 = -h*w. Calculate the remainder when 71 is divided by w.
34
Let g be (0 - -1)*13/13. Suppose -5*l + 6*l = g, -o + l = -3. Suppose -2*h - 3*d = -23, 84 - 17 = o*h - d. What is the remainder when 79 is divided by h?
15
Let u(v) = 4*v - 25. Let s be u(13). Suppose -20*h + 53 = -s. Suppose h*f - 5*y = 8*f - 29, -20 = -4*f + 4*y. Calculate the remainder when f is divided by 5.
1
Suppose -4*d - 5*h + 387 = 0, 11*d = 14*d + h - 282. What is the remainder when 97 is divided by d?
4
Suppose 0 = 4*u - 20, -4*l + 0*u + 2*u = -10. Suppose -3*x + 6*x = 3*y + 27, 3 = -x + l*y. What is the remainder when 334 is divided by x?
10
Suppose -51*r + 55*r = 16. Suppose -r = -a - 3*o, -a + 16 = 2*a + 5*o. Suppose -137*u + 138*u - 2 = 0. Calculate the remainder when a is divided by u.
1
Suppose -88 = 30*i - 34*i. Suppose 113 = -5*m + 358. What is the remainder when m is divided by -1 - -1*i/2?
9
Let z = 114 + -110. Calculate the remainder when 2348/14 + (-390)/546 is divided by z.
3
Let g = 2489 + -2483. Calculate the remainder when 35 is divided by g.
5
Let v = -517 - -864. Let i = 424 - v. Calculate the remainder when i is divided by 5.
2
Let w(g) be the first derivative of 7*g**2/2 + 11*g - 25. Let m be w(-2). Calculate the remainder when 64 is divided by 4 + (-98 - m)/(-5).
18
Let v = -6082 + 6772. Calculate the remainder when v is divided by 4.
2
Calculate the remainder when (22/(-6)*2)/((-2)/213 + 0) is divided by 9.
7
Let k = 600 - 582. Suppose q + 4*v - 51 = 0, -192 = -k*q + 14*q - 4*v. Calculate the remainder when 73 is divided by q.
26
Let d = 4704 + -423. What is the remainder when d is divided by 28?
25
Suppose h - 15 - 14 = 0. Suppose 0 = -623*p + 625*p + 5*c - 135, -5*c + 25 = 0. Calculate the remainder when p is divided by h.
26
Let h be (40/25)/((-7)/(-140)).